32, 3 = t + 2. Calculate the highest common factor of j and 63.
7
Let x be (-8 - 1)*(-2)/9. Let o(a) = -2*a**x + 11 - 6*a**2 + a**3 - a**2 - a. Let u be o(9). What is the greatest common factor of u and 3?
1
Let j(s) = -2*s**3 - 3*s**2 - 7*s - 10. Let a be j(-2). What is the highest common factor of a and 72?
8
Let u(d) = d**2 - 4*d - 3. Let i be u(3). Let b be i/((14/4)/7). Let v be 3*((-152)/b + -1). Calculate the greatest common factor of 14 and v.
7
Let k be (468/(-65))/(4/(-15)). Calculate the greatest common divisor of k and 27.
27
Suppose -23*g + 25*g = 8. Suppose 2*i - 8 = 0, g*i - 62 = -4*j - 14. What is the highest common factor of j and 8?
8
Let b(r) = -19 - 2*r**2 - 5*r + 31 + 3*r**2. Let q be b(5). Calculate the highest common divisor of 18 and q.
6
Let h(o) = o**3 + 11*o**2 + 13*o + 70. Let m be h(-10). What is the greatest common divisor of m and 20?
20
Suppose -3*y + 9*z - 4*z = -50, 2*y - 36 = 4*z. Let r = 20 - y. Calculate the highest common factor of 15 and r.
5
Suppose -m = 2*z - 1332, 2*z - 3972 = -3*m + 4*z. What is the highest common divisor of 78 and m?
78
Let o be 4 - 13 - (-2 - 95). What is the highest common factor of o and 528?
88
Suppose -9*m = -204 + 150. Suppose -w = -0*w - 6. Calculate the highest common factor of m and w.
6
Suppose -59 = 11*q - 213. What is the highest common factor of 574 and q?
14
Let c(i) = -i**2 + 19*i - 58. Let u be c(5). What is the highest common factor of u and 588?
12
Suppose -m = 3*f - 25, 11*m = 6*m - 5*f + 175. What is the greatest common factor of m and 20?
20
Let z be (34/85)/(1/60). Suppose 5*g = -3*v + 32, -5*g + 24 = v - 0*v. Let i be -4 + v + (-144)/(-2). Calculate the highest common factor of z and i.
24
Let d(x) = 2*x**3 - 2*x**2 + x + 1. Let h be d(2). Let y(b) = b**3 - 4*b**2 + b - 1. Let m be y(6). Calculate the greatest common factor of h and m.
11
Let y = 64 + -118. Suppose -3*g - 128 = -4*h + 186, 0 = g - 3*h + 103. Let c = y - g. Calculate the highest common factor of c and 13.
13
Let g(y) = 8*y**2 - 30*y + 139. Let k be g(6). Calculate the greatest common factor of k and 13.
13
Let x(o) = 11*o + 43*o + 1 - 7*o. Let i be x(1). What is the greatest common factor of 12 and i?
12
Suppose -27*d = -138 - 510. What is the highest common divisor of d and 1284?
12
Let g(q) = q**3 + 6*q**2 - 15*q - 21. Let s be g(-7). What is the highest common divisor of s and 1435?
35
Let f(h) = -h**3 + 13*h**2 - 13*h + 17. Let b be f(12). Suppose q = -4*q + b. Let n be (-1)/(-3)*q*12. Calculate the greatest common divisor of 20 and n.
4
Let d(y) = -2*y**2 + 28*y - 42. Let f be d(12). Calculate the greatest common divisor of 246 and f.
6
Let p be -65*(51/(-15) + 3). Suppose p = 5*x - 3*x. Let q = -9 + x. What is the highest common divisor of 10 and q?
2
Suppose 0 = -5*r + 4*u - 65 - 352, 2 = -u. Let v = r + 229. What is the greatest common divisor of 18 and v?
18
Let a = 36 + 459. What is the highest common divisor of a and 55?
55
Suppose -7*x + 402 = -x. Suppose 3*g = -p + 29, p - 4*p + x = -g. Let w = 25 - p. Calculate the greatest common factor of 18 and w.
2
Let o(h) = -183*h + 199. Let l be o(-14). Calculate the highest common divisor of 11 and l.
11
Suppose 2*o + 5*d = 78, 5*o = -0*d + 2*d + 166. Suppose 4*y = 6 + o. Calculate the greatest common factor of 2 and y.
2
Let z be (1 + -8 - -5)/((-4)/14). Suppose -n = -z*n + 360. What is the greatest common factor of n and 24?
12
Suppose 4*v = 122 + 438. Let k = 19 - 13. Suppose -28 = 4*p - k*p. Calculate the greatest common factor of p and v.
14
Let a(g) = -7*g - 4. Let x be a(-4). Suppose -x = -12*c + 8*c. Calculate the highest common divisor of c and 15.
3
Let r(b) = 5*b + 9. Let g be r(9). Suppose g = 16*v - 42. What is the greatest common factor of v and 30?
6
Let u be (39/(-5))/(5/(-25)). Suppose 4*r - 35 = 121. Calculate the highest common factor of u and r.
39
Let o(j) = -j**2 + 10*j - 15. Let s be o(13). Let v be s/3*-2 + 3. Calculate the greatest common divisor of v and 26.
13
Let x be ((-6)/(-9))/(10/1440). What is the highest common divisor of x and 336?
48
Suppose 34*k = 28*k + 420. Calculate the highest common factor of 56 and k.
14
Let i be (3 - (-4 + 4)) + 138. Let z = i + -121. Calculate the greatest common factor of 220 and z.
20
Let m = 128 - 107. Let q be 106/3 + (-4)/(-6) + -1. What is the greatest common factor of q and m?
7
Let x be (-13)/(-2) - -5*(-12)/(-24). What is the greatest common divisor of 360 and x?
9
Let y be 4*(1 + 676/16 + -4). Suppose 0 = -7*f + 612 - y. Calculate the greatest common factor of f and 26.
13
Let n be (-1015)/(-77) + -13 + (-218)/(-11). What is the highest common factor of 110 and n?
10
Suppose 165*u = 157*u + 384. Calculate the greatest common factor of 96 and u.
48
Let o be (-2)/(-5) - 46/(-10). Let m be (1/(-2) + 3)*(-16)/(-10). Suppose m*s = -4*d + 124, 2*d - 104 + 30 = s. Calculate the highest common factor of d and o.
5
Let s be 6/15 - (-32)/(-5). Let o be 10/s*(-6 + 0). Suppose 43 = -6*n + 103. Calculate the highest common divisor of n and o.
10
Let p(k) = -k**3 - 9*k**2 - 6*k + 14. Let w be p(-8). Let d be (-14 - w)/(3/(-21)). Calculate the highest common divisor of d and 12.
12
Let b = -33 + 30. Let n be b + (0 + 5 - -1). What is the greatest common divisor of n and 3?
3
Let r = 23 + -18. Suppose 0 = -w + 4, 6*d - 185 = 5*d + r*w. Calculate the highest common factor of d and 41.
41
Let q = -514 + 762. Suppose 5*x + 93 = -n, -8*x + 322 = -4*n - 3*x. Let k = -52 - n. What is the greatest common divisor of q and k?
31
Let r = 50 - 35. Suppose 0 = -4*b - 4*z - 820, 0 = 5*b - 2*z + 72 + 918. Let n = b - -335. What is the highest common divisor of r and n?
15
Suppose -4*o = -44*o + 123600. What is the highest common divisor of o and 30?
30
Let o(j) = -j**3 + 18*j**2 + 8*j + 4. Let w be o(14). Suppose -3*a = -8*a + w. Calculate the greatest common factor of 20 and a.
20
Let w be 3/(-2)*20/(-3). Let g be 36/w - (-26)/65. Suppose -3*b - 2*m + 67 = 0, -g*b = -2*m - m - 95. Calculate the highest common divisor of 207 and b.
23
Suppose -105*b = -100*b - 5605. Calculate the greatest common factor of 19 and b.
19
Let i(y) = -y**3 - 5*y**2 - 3*y - 13. Let q be i(-5). Let h be 24/(-10)*-1*5. Calculate the highest common factor of q and h.
2
Let s = 63 - -33. Let c = 4 - 2. Suppose 2*u - h - 47 = -2, c*u - 39 = 3*h. Calculate the highest common factor of u and s.
24
Suppose 2*q + 118 = w, w + 0*q - 97 = -5*q. Let y(a) = a**3 - a**2 - a + 1. Let h be y(3). Calculate the highest common factor of w and h.
16
Let f be ((-8)/(-6))/(1/(-30)). Let r = f + 47. What is the highest common factor of 28 and r?
7
Suppose -7*w + 35 + 91 = 0. Let c(q) = q**3 + 2*q**2 - 5*q - 4. Let j be c(-3). Calculate the highest common divisor of w and j.
2
Suppose 0 = -x + 3*f + 15, 0 = 2*f - 5*f + 9. Suppose 28 = 2*z - 46. Let a = z - x. What is the greatest common divisor of 13 and a?
13
Let l = -5 + 17. Suppose -2*m + 4*d + 78 = -110, 0 = 5*m - 4*d - 440. Calculate the greatest common divisor of l and m.
12
Let x = -201 - -209. Let l(f) = f**3 + 7*f**2 - 9*f - 4. Let m be l(-8). Calculate the highest common factor of x and m.
4
Let x = -10 - -10. Suppose 2*v - b + 2 - 6 = x, -v = -b - 1. What is the highest common factor of v and 21?
3
Let d = 11 + -12. Let j be d + (-4)/(-4)*-1. Let o(g) = -22*g**3 + g**2 + 3*g + 2. Let x be o(j). What is the greatest common factor of x and 16?
16
Suppose 0 = 3*p + 2*v - 502, 2*v = -2*p - 2*p + 670. What is the greatest common factor of p and 756?
84
Suppose 3*o = -2*u + 2967, 3*o = 9*o - 4*u - 5934. What is the highest common factor of 23 and o?
23
Let n be (-14960)/(-396) + 2/9. Calculate the highest common divisor of 893 and n.
19
Let z = -81 - -198. Suppose -l - z = -2*l. Suppose -l = -3*o + 9. Calculate the highest common divisor of o and 21.
21
Let m = -77 + 245. Calculate the greatest common factor of m and 72.
24
Suppose 2*p + 40*t = 35*t + 1392, t - 1392 = -2*p. Calculate the greatest common divisor of p and 24.
24
Let n = 26 - 32. Let x(v) = -v**3 + 3*v**2 - 2*v - 2. Let u be x(3). Let h = n - u. Calculate the greatest common divisor of 1 and h.
1
Suppose 2*z - u = 2*u + 70, -5*u + 86 = 2*z. Suppose 5*h + 2*v = 80, 2*v = -h + 6*v + z. What is the highest common factor of 3